ctors of 2904433712?
2, 181527107
List the prime factors of 258889224.
2, 3, 11, 980641
What are the prime factors of 309461880?
2, 3, 5, 7, 13, 17, 1667
What are the prime factors of 15459597?
3, 19, 90407
What are the prime factors of 98219995?
5, 3203, 6133
List the prime factors of 35279245.
5, 1039, 6791
List the prime factors of 11953654.
2, 2143, 2789
What are the prime factors of 188020411?
188020411
What are the prime factors of 174723987?
3, 53, 739, 1487
What are the prime factors of 824818408?
2, 103102301
What are the prime factors of 919711499?
7, 181, 725897
List the prime factors of 936813774.
2, 3, 13, 461, 26053
List the prime factors of 25563215.
5, 79, 64717
List the prime factors of 904884506.
2, 29, 37, 421661
List the prime factors of 302169518.
2, 7, 21583537
List the prime factors of 83842071.
3, 27947357
List the prime factors of 140132222.
2, 5147, 13613
What are the prime factors of 7213735239?
3, 17, 29, 4877441
List the prime factors of 103569455.
5, 11, 239, 7879
What are the prime factors of 285455285?
5, 31, 43, 42829
List the prime factors of 162603626.
2, 5113, 15901
What are the prime factors of 77487227?
89, 870643
List the prime factors of 183683954.
2, 91841977
List the prime factors of 241992382.
2, 17, 53, 134291
List the prime factors of 1884472340.
2, 5, 23, 41, 163, 613
List the prime factors of 63997084.
2, 29, 137, 4027
What are the prime factors of 931877310?
2, 3, 5, 7, 13, 341347
What are the prime factors of 3113196414?
2, 3, 233, 2226893
What are the prime factors of 502937436?
2, 3, 61, 687073
List the prime factors of 188247509.
73, 2578733
List the prime factors of 883445775.
3, 5, 83, 139, 1021
List the prime factors of 3785858373.
3, 11, 983, 116707
List the prime factors of 3340537175.
5, 133621487
What are the prime factors of 120438082?
2, 60219041
What are the prime factors of 7500805623?
3, 47, 1787, 9923
What are the prime factors of 1909815914?
2, 727, 1019, 1289
What are the prime factors of 16278305?
5, 3255661
What are the prime factors of 109107071?
17, 197, 32579
What are the prime factors of 20404182?
2, 3, 17, 200041
List the prime factors of 1279378850.
2, 5, 163, 156979
List the prime factors of 139291432.
2, 7, 19, 31, 41, 103
List the prime factors of 204989930.
2, 5, 20498993
List the prime factors of 65957930.
2, 5, 19, 41, 8467
List the prime factors of 1712954883.
3, 4091, 139571
List the prime factors of 31427123.
7, 13, 241, 1433
List the prime factors of 600590206.
2, 300295103
List the prime factors of 800157332.
2, 13, 15387641
What are the prime factors of 315583611?
3, 7, 15027791
List the prime factors of 453509092.
2, 71, 1596863
What are the prime factors of 726410083?
7, 4583, 22643
What are the prime factors of 93162959?
93162959
What are the prime factors of 44950230?
2, 3, 5, 13, 103, 373
List the prime factors of 468330710.
2, 5, 46833071
List the prime factors of 64003033.
3571, 17923
List the prime factors of 672305570.
2, 5, 67230557
What are the prime factors of 1531249885?
5, 11, 27840907
What are the prime factors of 261117237?
3, 491, 177269
What are the prime factors of 5597742321?
3, 37, 137, 122701
What are the prime factors of 441016984?
2, 3083, 17881
What are the prime factors of 874809467?
7, 53, 2357977
List the prime factors of 1259954242.
2, 29, 749081
List the prime factors of 45094240.
2, 5, 281839
What are the prime factors of 5350795870?
2, 5, 7, 131, 583511
What are the prime factors of 867150523?
867150523
List the prime factors of 1611140153.
7, 29, 31, 256021
List the prime factors of 444716596.
2, 61, 79, 23071
What are the prime factors of 679654969?
7, 1879, 51673
What are the prime factors of 703193121?
3, 78132569
What are the prime factors of 1273573406?
2, 7, 41, 45281
List the prime factors of 639907325.
5, 227, 112759
List the prime factors of 586439638.
2, 181, 311, 5209
What are the prime factors of 541166202?
2, 3, 17, 1768517
What are the prime factors of 1448260429?
7, 11, 277, 67901
What are the prime factors of 113040061?
463, 244147
List the prime factors of 257863844.
2, 7, 2437, 3779
List the prime factors of 160671845.
5, 17, 1890257
List the prime factors of 57522131.
157, 366383
What are the prime factors of 35230814?
2, 1621, 10867
What are the prime factors of 1343475138?
2, 3, 223912523
What are the prime factors of 3102479359?
7, 443211337
List the prime factors of 1049962280.
2, 5, 1741, 15077
What are the prime factors of 303566570?
2, 5, 31, 883, 1109
What are the prime factors of 2354996914?
2, 19, 61973603
What are the prime factors of 205865484?
2, 3, 11, 37, 61, 691
List the prime factors of 83075560.
2, 5, 2076889
List the prime factors of 41836121.
41836121
What are the prime factors of 763187545?
5, 17, 53, 169409
List the prime factors of 45975954.
2, 3, 7662659
What are the prime factors of 718156579?
7, 102593797
What are the prime factors of 216678618?
2, 3, 13, 23743
What are the prime factors of 126734400?
2, 3, 5, 13, 677
What are the prime factors of 2872027822?
2, 35801, 40111
List the prime factors of 170697730.
2, 5, 7, 691, 3529
What are the prime factors of 793120415?
5, 158624083
What are the prime factors of 25224385?
5, 5044877
List the prime factors of 92019842.
2, 29, 31, 61, 839
List the prime factors of 45693893.
7, 23, 283813
What are the prime factors of 382889223?
3, 1447, 29401
What are the prime factors of 1307765773?
1307765773
What are the prime factors of 1154213271?
3, 128245919
List the prime factors of 1967638593.
3, 15497, 42323
List the prime factors of 295826068.
2, 43, 1719919
List the prime factors of 12364656.
2, 3, 173, 1489
List the prime factors of 89474869.
11, 113, 71983
What are the prime factors of 659438436?
2, 3, 269, 281, 727
What are the prime factors of 9072940068?
2, 3, 677, 372269
What are the prime factors of 17438167?
73, 238879
What are the prime factors of 165949158?
2, 3, 61, 7433
List the prime factors of 47420192.
2, 1481881
List the prime factors of 2199557005.
5, 281, 1565521
What are the prime factors of 5622133737?
3, 11, 4517, 37717
What are the prime factors of 1379617981?
7, 28155469
List the prime factors of 179568098.
2, 89784049
What are the prime factors of 45688435?
5, 13, 17, 173, 239
What are the prime factors of 19199210?
2, 5, 97, 19793
List the prime factors of 375029750.
2, 5, 643, 2333
What are the prime factors of 1603559364?
2, 3, 11, 41, 181, 1637
What are the prime factors of 34023079?
277, 122827
What are the prime factors of 74594965?
5, 14918993
List the prime factors of 28901656.
2, 7, 67, 7703
What are the prime factors of 34016482?
2, 17008241
What are the prime factors of 1665585623?
13, 29, 149, 199
What are the prime factors of 2252035633?
1637, 1375709
List the prime factors of 9166221.
3, 113, 9013
List the prime factors of 45431047.
277, 164011
List the prime factors of 243647988.
2, 3, 107, 189757
List the prime factors of 27588720.
2, 3, 5, 139, 827
List the prime factors of 3493926.
2, 3, 73, 2659
List the prime factors of 8736464.
2, 11, 49639
What are the prime factors of 1023158334?
2, 3, 11, 128119
List the prime factors of 206965645.
5, 41393129
List the prime factors of 37934720.
2, 5, 59273
What are the prime factors of 198599808?
2, 3, 11, 47017
What are the prime factors of 217801804?
2, 11, 53, 59, 1583
List the prime factors of 190121768.
2, 47, 505643
List the prime factors of 3034004638.
2, 7, 79, 391889
What are the prime factors of 170132630?
2, 5, 2417, 7039
What are the prime factors of 1064539313?
179, 5947147
What are the prime factors of 1754433204?
2, 3, 59, 107, 23159
List the prime factors of 811205771.
811205771
What are the prime factors of 2623312?
2, 127, 1291
What are the prime factors of 48307829?
17, 37, 76801
What are the prime factors of 49315091?
7, 59, 97, 1231
List the prime factors of 53029210.
2, 5, 13, 407917
What are the prime factors of 144576857?
17, 1399, 6079
List the prime factors of 505168930.
2, 5, 7, 1030957
List the prime factors of 69986583.
3, 7776287
List the prime factors of 38410156.
2, 9602539
What are the prime factors of 173418863?
409, 424007
List the prime factors of 92577312.
2, 3, 321449
What are the prime factors of 54824938?
2, 7, 3